{"id":19944,"date":"2023-07-23T11:29:59","date_gmt":"2023-07-23T11:29:59","guid":{"rendered":"http:\/\/www.colocolofs.es\/web\/?page_id=19944"},"modified":"2025-10-25T11:23:24","modified_gmt":"2025-10-25T11:23:24","slug":"infantil-a","status":"publish","type":"page","link":"https:\/\/www.colocolofs.es\/web\/infantil-a\/","title":{"rendered":"INFANTIL &#8216;A&#8217;"},"content":{"rendered":"<p>[vc_row][vc_column][vc_text_separator title=\u00bbPLANTILLA\u00bb color=\u00bbblue\u00bb border_width=\u00bb3&#8243;][\/vc_column][\/vc_row][vc_row][vc_column][vc_column_text]7 &#8211; Diego Ardu\u00f1a Otal<\/p>\n<p>9 &#8211; David Soriano Mart\u00ednez<\/p>\n<p>10 &#8211; Sergio Moreno Nalvaez<\/p>\n<p>11 &#8211; \u00c1lvaro Ortega Pola<\/p>\n<p>13 &#8211; Iker Barcel\u00f3 P\u00e9rez (P)<\/p>\n<p>14 &#8211; \u00c1lvaro Berdus\u00e1n Lorente<\/p>\n<p>15 &#8211; Jorge Abarca Aznar<\/p>\n<p>16 &#8211; Hugo Ereza Rubio<\/p>\n<p>17 &#8211; Ander Casabona D\u00edez<\/p>\n<p>20 &#8211; Hugo Catal\u00e1n Sanz<\/p>\n<p>21 &#8211; Ander Salvador Galve<\/p>\n<p>99 &#8211; Jorge Orera Casaj\u00fas (P)<\/p>\n<p>Entrenador: Marcos Forga Gracia<\/p>\n<p>Segunda entrenadora: Alicia Blasco Romanos[\/vc_column_text][\/vc_column][\/vc_row]<\/p>\n","protected":false},"excerpt":{"rendered":"<p>[vc_row][vc_column][vc_text_separator title=\u00bbPLANTILLA\u00bb color=\u00bbblue\u00bb border_width=\u00bb3&#8243;][\/vc_column][\/vc_row][vc_row][vc_column][vc_column_text]7 &#8211; Diego Ardu\u00f1a Otal 9 &#8211; David Soriano Mart\u00ednez 10 &#8211; Sergio Moreno Nalvaez 11 &#8211; \u00c1lvaro Ortega Pola 13 &#8211; Iker Barcel\u00f3 P\u00e9rez (P) 14 &#8211; \u00c1lvaro Berdus\u00e1n Lorente 15 &#8211; Jorge Abarca Aznar 16 &#8211; Hugo Ereza Rubio 17 &#8211; Ander Casabona D\u00edez 20 &#8211; Hugo Catal\u00e1n Sanz 21 [&hellip;]<\/p>\n","protected":false},"author":1,"featured_media":0,"parent":0,"menu_order":0,"comment_status":"closed","ping_status":"closed","template":"","meta":{"footnotes":""},"class_list":["post-19944","page","type-page","status-publish","hentry"],"yoast_head":"<!-- This site is optimized with the Yoast SEO plugin v14.4.1 - https:\/\/yoast.com\/wordpress\/plugins\/seo\/ -->\n<title>INFANTIL &#039;A&#039; - Entrerr\u00edos Automatizaci\u00f3n<\/title>\n<meta name=\"robots\" content=\"index, follow\" \/>\n<meta name=\"googlebot\" content=\"index, follow, max-snippet:-1, max-image-preview:large, max-video-preview:-1\" \/>\n<meta name=\"bingbot\" content=\"index, follow, max-snippet:-1, max-image-preview:large, max-video-preview:-1\" \/>\n<link rel=\"canonical\" href=\"https:\/\/www.colocolofs.es\/web\/infantil-a\/\" \/>\n<meta property=\"og:locale\" content=\"es_ES\" \/>\n<meta property=\"og:type\" content=\"article\" \/>\n<meta property=\"og:title\" content=\"INFANTIL &#039;A&#039; - Entrerr\u00edos Automatizaci\u00f3n\" \/>\n<meta property=\"og:description\" content=\"[vc_row][vc_column][vc_text_separator title=\u00bbPLANTILLA\u00bb color=\u00bbblue\u00bb border_width=\u00bb3&#8243;][\/vc_column][\/vc_row][vc_row][vc_column][vc_column_text]7 &#8211; Diego Ardu\u00f1a Otal 9 &#8211; David Soriano Mart\u00ednez 10 &#8211; Sergio Moreno Nalvaez 11 &#8211; \u00c1lvaro Ortega Pola 13 &#8211; Iker Barcel\u00f3 P\u00e9rez (P) 14 &#8211; \u00c1lvaro Berdus\u00e1n Lorente 15 &#8211; Jorge Abarca Aznar 16 &#8211; Hugo Ereza Rubio 17 &#8211; Ander Casabona D\u00edez 20 &#8211; Hugo Catal\u00e1n Sanz 21 [&hellip;]\" \/>\n<meta property=\"og:url\" content=\"https:\/\/www.colocolofs.es\/web\/infantil-a\/\" \/>\n<meta property=\"og:site_name\" content=\"Entrerr\u00edos Automatizaci\u00f3n\" \/>\n<meta property=\"article:modified_time\" content=\"2025-10-25T11:23:24+00:00\" \/>\n<meta name=\"twitter:card\" content=\"summary_large_image\" \/>\n<script type=\"application\/ld+json\" class=\"yoast-schema-graph\">{\"@context\":\"https:\/\/schema.org\",\"@graph\":[{\"@type\":\"WebSite\",\"@id\":\"https:\/\/www.colocolofs.es\/web\/#website\",\"url\":\"https:\/\/www.colocolofs.es\/web\/\",\"name\":\"Entrerr\\u00edos Automatizaci\\u00f3n\",\"description\":\"Web oficial\",\"potentialAction\":[{\"@type\":\"SearchAction\",\"target\":\"https:\/\/www.colocolofs.es\/web\/?s={search_term_string}\",\"query-input\":\"required name=search_term_string\"}],\"inLanguage\":\"es\"},{\"@type\":\"WebPage\",\"@id\":\"https:\/\/www.colocolofs.es\/web\/infantil-a\/#webpage\",\"url\":\"https:\/\/www.colocolofs.es\/web\/infantil-a\/\",\"name\":\"INFANTIL 'A' - Entrerr\\u00edos Automatizaci\\u00f3n\",\"isPartOf\":{\"@id\":\"https:\/\/www.colocolofs.es\/web\/#website\"},\"datePublished\":\"2023-07-23T11:29:59+00:00\",\"dateModified\":\"2025-10-25T11:23:24+00:00\",\"inLanguage\":\"es\",\"potentialAction\":[{\"@type\":\"ReadAction\",\"target\":[\"https:\/\/www.colocolofs.es\/web\/infantil-a\/\"]}]}]}<\/script>\n<!-- \/ Yoast SEO plugin. -->","_links":{"self":[{"href":"https:\/\/www.colocolofs.es\/web\/wp-json\/wp\/v2\/pages\/19944","targetHints":{"allow":["GET"]}}],"collection":[{"href":"https:\/\/www.colocolofs.es\/web\/wp-json\/wp\/v2\/pages"}],"about":[{"href":"https:\/\/www.colocolofs.es\/web\/wp-json\/wp\/v2\/types\/page"}],"author":[{"embeddable":true,"href":"https:\/\/www.colocolofs.es\/web\/wp-json\/wp\/v2\/users\/1"}],"replies":[{"embeddable":true,"href":"https:\/\/www.colocolofs.es\/web\/wp-json\/wp\/v2\/comments?post=19944"}],"version-history":[{"count":11,"href":"https:\/\/www.colocolofs.es\/web\/wp-json\/wp\/v2\/pages\/19944\/revisions"}],"predecessor-version":[{"id":24061,"href":"https:\/\/www.colocolofs.es\/web\/wp-json\/wp\/v2\/pages\/19944\/revisions\/24061"}],"wp:attachment":[{"href":"https:\/\/www.colocolofs.es\/web\/wp-json\/wp\/v2\/media?parent=19944"}],"curies":[{"name":"wp","href":"https:\/\/api.w.org\/{rel}","templated":true}]}}