{"id":19953,"date":"2023-07-23T11:34:01","date_gmt":"2023-07-23T11:34:01","guid":{"rendered":"http:\/\/www.colocolofs.es\/web\/?page_id=19953"},"modified":"2025-10-25T11:16:36","modified_gmt":"2025-10-25T11:16:36","slug":"alevin-a","status":"publish","type":"page","link":"https:\/\/www.colocolofs.es\/web\/alevin-a\/","title":{"rendered":"ALEV\u00cdN &#8216;A&#8217;"},"content":{"rendered":"<p>[vc_row][vc_column][vc_text_separator title=\u00bbPLANTILLA\u00bb color=\u00bbblue\u00bb border_width=\u00bb3&#8243;][\/vc_column][\/vc_row][vc_row][vc_column][vc_column_text]6 &#8211; Enzo De Fco. Diestre<\/p>\n<p>7 &#8211; \u00c1lvaro Benavente Rem\u00f3n<\/p>\n<p>8 &#8211; Adri\u00e1n Alonso Rescalvo<\/p>\n<p>10 &#8211; Mario L\u00f3pez Bernab\u00e9<\/p>\n<p>11 &#8211; \u00c1lvaro Gracias Huerta<\/p>\n<p>13 &#8211; \u00c1ngel Lis Aparicio<\/p>\n<p>16 &#8211; Mateo Ortiz Liso<\/p>\n<p>17 &#8211; Oliver Domingo Sebasti\u00e1n<\/p>\n<p>Entrenador: Juan Cruz<\/p>\n<p>Ayudante: Oliver Cruz[\/vc_column_text][\/vc_column][\/vc_row]<\/p>\n","protected":false},"excerpt":{"rendered":"<p>[vc_row][vc_column][vc_text_separator title=\u00bbPLANTILLA\u00bb color=\u00bbblue\u00bb border_width=\u00bb3&#8243;][\/vc_column][\/vc_row][vc_row][vc_column][vc_column_text]6 &#8211; Enzo De Fco. Diestre 7 &#8211; \u00c1lvaro Benavente Rem\u00f3n 8 &#8211; Adri\u00e1n Alonso Rescalvo 10 &#8211; Mario L\u00f3pez Bernab\u00e9 11 &#8211; \u00c1lvaro Gracias Huerta 13 &#8211; \u00c1ngel Lis Aparicio 16 &#8211; Mateo Ortiz Liso 17 &#8211; Oliver Domingo Sebasti\u00e1n Entrenador: Juan Cruz Ayudante: Oliver Cruz[\/vc_column_text][\/vc_column][\/vc_row]<\/p>\n","protected":false},"author":1,"featured_media":0,"parent":0,"menu_order":0,"comment_status":"closed","ping_status":"closed","template":"","meta":{"footnotes":""},"class_list":["post-19953","page","type-page","status-publish","hentry"],"yoast_head":"<!-- This site is optimized with the Yoast SEO plugin v14.4.1 - https:\/\/yoast.com\/wordpress\/plugins\/seo\/ -->\n<title>ALEV\u00cdN &#039;A&#039; - Entrerr\u00edos Automatizaci\u00f3n<\/title>\n<meta name=\"robots\" content=\"index, follow\" \/>\n<meta name=\"googlebot\" content=\"index, follow, max-snippet:-1, max-image-preview:large, max-video-preview:-1\" \/>\n<meta name=\"bingbot\" content=\"index, follow, max-snippet:-1, max-image-preview:large, max-video-preview:-1\" \/>\n<link rel=\"canonical\" href=\"https:\/\/www.colocolofs.es\/web\/alevin-a\/\" \/>\n<meta property=\"og:locale\" content=\"es_ES\" \/>\n<meta property=\"og:type\" content=\"article\" \/>\n<meta property=\"og:title\" content=\"ALEV\u00cdN &#039;A&#039; - Entrerr\u00edos Automatizaci\u00f3n\" \/>\n<meta property=\"og:description\" content=\"[vc_row][vc_column][vc_text_separator title=\u00bbPLANTILLA\u00bb color=\u00bbblue\u00bb border_width=\u00bb3&#8243;][\/vc_column][\/vc_row][vc_row][vc_column][vc_column_text]6 &#8211; Enzo De Fco. Diestre 7 &#8211; \u00c1lvaro Benavente Rem\u00f3n 8 &#8211; Adri\u00e1n Alonso Rescalvo 10 &#8211; Mario L\u00f3pez Bernab\u00e9 11 &#8211; \u00c1lvaro Gracias Huerta 13 &#8211; \u00c1ngel Lis Aparicio 16 &#8211; Mateo Ortiz Liso 17 &#8211; Oliver Domingo Sebasti\u00e1n Entrenador: Juan Cruz Ayudante: Oliver Cruz[\/vc_column_text][\/vc_column][\/vc_row]\" \/>\n<meta property=\"og:url\" content=\"https:\/\/www.colocolofs.es\/web\/alevin-a\/\" \/>\n<meta property=\"og:site_name\" content=\"Entrerr\u00edos Automatizaci\u00f3n\" \/>\n<meta property=\"article:modified_time\" content=\"2025-10-25T11:16:36+00:00\" \/>\n<meta name=\"twitter:card\" content=\"summary_large_image\" \/>\n<script type=\"application\/ld+json\" class=\"yoast-schema-graph\">{\"@context\":\"https:\/\/schema.org\",\"@graph\":[{\"@type\":\"WebSite\",\"@id\":\"https:\/\/www.colocolofs.es\/web\/#website\",\"url\":\"https:\/\/www.colocolofs.es\/web\/\",\"name\":\"Entrerr\\u00edos Automatizaci\\u00f3n\",\"description\":\"Web oficial\",\"potentialAction\":[{\"@type\":\"SearchAction\",\"target\":\"https:\/\/www.colocolofs.es\/web\/?s={search_term_string}\",\"query-input\":\"required name=search_term_string\"}],\"inLanguage\":\"es\"},{\"@type\":\"WebPage\",\"@id\":\"https:\/\/www.colocolofs.es\/web\/alevin-a\/#webpage\",\"url\":\"https:\/\/www.colocolofs.es\/web\/alevin-a\/\",\"name\":\"ALEV\\u00cdN 'A' - Entrerr\\u00edos Automatizaci\\u00f3n\",\"isPartOf\":{\"@id\":\"https:\/\/www.colocolofs.es\/web\/#website\"},\"datePublished\":\"2023-07-23T11:34:01+00:00\",\"dateModified\":\"2025-10-25T11:16:36+00:00\",\"inLanguage\":\"es\",\"potentialAction\":[{\"@type\":\"ReadAction\",\"target\":[\"https:\/\/www.colocolofs.es\/web\/alevin-a\/\"]}]}]}<\/script>\n<!-- \/ Yoast SEO plugin. -->","_links":{"self":[{"href":"https:\/\/www.colocolofs.es\/web\/wp-json\/wp\/v2\/pages\/19953","targetHints":{"allow":["GET"]}}],"collection":[{"href":"https:\/\/www.colocolofs.es\/web\/wp-json\/wp\/v2\/pages"}],"about":[{"href":"https:\/\/www.colocolofs.es\/web\/wp-json\/wp\/v2\/types\/page"}],"author":[{"embeddable":true,"href":"https:\/\/www.colocolofs.es\/web\/wp-json\/wp\/v2\/users\/1"}],"replies":[{"embeddable":true,"href":"https:\/\/www.colocolofs.es\/web\/wp-json\/wp\/v2\/comments?post=19953"}],"version-history":[{"count":9,"href":"https:\/\/www.colocolofs.es\/web\/wp-json\/wp\/v2\/pages\/19953\/revisions"}],"predecessor-version":[{"id":24086,"href":"https:\/\/www.colocolofs.es\/web\/wp-json\/wp\/v2\/pages\/19953\/revisions\/24086"}],"wp:attachment":[{"href":"https:\/\/www.colocolofs.es\/web\/wp-json\/wp\/v2\/media?parent=19953"}],"curies":[{"name":"wp","href":"https:\/\/api.w.org\/{rel}","templated":true}]}}