{"id":22156,"date":"2024-10-12T13:08:39","date_gmt":"2024-10-12T13:08:39","guid":{"rendered":"http:\/\/www.colocolofs.es\/web\/?page_id=22156"},"modified":"2025-10-25T11:18:29","modified_gmt":"2025-10-25T11:18:29","slug":"alevin-xxi-b","status":"publish","type":"page","link":"https:\/\/www.colocolofs.es\/web\/alevin-xxi-b\/","title":{"rendered":"ALEV\u00cdN XXI &#8216;B&#8217;"},"content":{"rendered":"<p>[vc_row][vc_column][vc_text_separator title=\u00bbPLANTILLA\u00bb color=\u00bbblue\u00bb border_width=\u00bb3&#8243;][\/vc_column][\/vc_row][vc_row][vc_column][vc_column_text]1 &#8211; Daniel Castillo Borobio<\/p>\n<p>7 &#8211; David \u00c1ngel V\u00e1zquez<\/p>\n<p>10 &#8211; David Yannis Albeanu<\/p>\n<p>12 &#8211; C\u00e9sar Perez Briz<\/p>\n<p>15 &#8211; Jorge Orte Pascual<\/p>\n<p>16 &#8211; Mart\u00edn Cavero Al\u00f3s<\/p>\n<p>17 &#8211; Eloy S\u00e1nchez Maluenda<\/p>\n<p>18 &#8211; Diego Recio del Amo<\/p>\n<p>20 &#8211; Ema Tanguy Capellini<\/p>\n<p>23 &#8211; Nacho P\u00e9rez Briz<\/p>\n<p>31 &#8211; C\u00e9sar Sim\u00f3n Lazaro<\/p>\n<p>Cuerpo t\u00e9cnico: Alejandro Campos y Alba Romero[\/vc_column_text][\/vc_column][\/vc_row]<\/p>\n","protected":false},"excerpt":{"rendered":"<p>[vc_row][vc_column][vc_text_separator title=\u00bbPLANTILLA\u00bb color=\u00bbblue\u00bb border_width=\u00bb3&#8243;][\/vc_column][\/vc_row][vc_row][vc_column][vc_column_text]1 &#8211; Daniel Castillo Borobio 7 &#8211; David \u00c1ngel V\u00e1zquez 10 &#8211; David Yannis Albeanu 12 &#8211; C\u00e9sar Perez Briz 15 &#8211; Jorge Orte Pascual 16 &#8211; Mart\u00edn Cavero Al\u00f3s 17 &#8211; Eloy S\u00e1nchez Maluenda 18 &#8211; Diego Recio del Amo 20 &#8211; Ema Tanguy Capellini 23 &#8211; Nacho P\u00e9rez Briz 31 [&hellip;]<\/p>\n","protected":false},"author":1,"featured_media":0,"parent":0,"menu_order":0,"comment_status":"closed","ping_status":"closed","template":"","meta":{"footnotes":""},"class_list":["post-22156","page","type-page","status-publish","hentry"],"yoast_head":"<!-- This site is optimized with the Yoast SEO plugin v14.4.1 - https:\/\/yoast.com\/wordpress\/plugins\/seo\/ -->\n<title>ALEV\u00cdN XXI &#039;B&#039; - Entrerr\u00edos Automatizaci\u00f3n<\/title>\n<meta name=\"robots\" content=\"index, follow\" \/>\n<meta name=\"googlebot\" content=\"index, follow, max-snippet:-1, max-image-preview:large, max-video-preview:-1\" \/>\n<meta name=\"bingbot\" content=\"index, follow, max-snippet:-1, max-image-preview:large, max-video-preview:-1\" \/>\n<link rel=\"canonical\" href=\"https:\/\/www.colocolofs.es\/web\/alevin-xxi-b\/\" \/>\n<meta property=\"og:locale\" content=\"es_ES\" \/>\n<meta property=\"og:type\" content=\"article\" \/>\n<meta property=\"og:title\" content=\"ALEV\u00cdN XXI &#039;B&#039; - Entrerr\u00edos Automatizaci\u00f3n\" \/>\n<meta property=\"og:description\" content=\"[vc_row][vc_column][vc_text_separator title=\u00bbPLANTILLA\u00bb color=\u00bbblue\u00bb border_width=\u00bb3&#8243;][\/vc_column][\/vc_row][vc_row][vc_column][vc_column_text]1 &#8211; Daniel Castillo Borobio 7 &#8211; David \u00c1ngel V\u00e1zquez 10 &#8211; David Yannis Albeanu 12 &#8211; C\u00e9sar Perez Briz 15 &#8211; Jorge Orte Pascual 16 &#8211; Mart\u00edn Cavero Al\u00f3s 17 &#8211; Eloy S\u00e1nchez Maluenda 18 &#8211; Diego Recio del Amo 20 &#8211; Ema Tanguy Capellini 23 &#8211; Nacho P\u00e9rez Briz 31 [&hellip;]\" \/>\n<meta property=\"og:url\" content=\"https:\/\/www.colocolofs.es\/web\/alevin-xxi-b\/\" \/>\n<meta property=\"og:site_name\" content=\"Entrerr\u00edos Automatizaci\u00f3n\" \/>\n<meta property=\"article:modified_time\" content=\"2025-10-25T11:18:29+00:00\" \/>\n<meta name=\"twitter:card\" content=\"summary_large_image\" \/>\n<script type=\"application\/ld+json\" class=\"yoast-schema-graph\">{\"@context\":\"https:\/\/schema.org\",\"@graph\":[{\"@type\":\"WebSite\",\"@id\":\"https:\/\/www.colocolofs.es\/web\/#website\",\"url\":\"https:\/\/www.colocolofs.es\/web\/\",\"name\":\"Entrerr\\u00edos Automatizaci\\u00f3n\",\"description\":\"Web oficial\",\"potentialAction\":[{\"@type\":\"SearchAction\",\"target\":\"https:\/\/www.colocolofs.es\/web\/?s={search_term_string}\",\"query-input\":\"required name=search_term_string\"}],\"inLanguage\":\"es\"},{\"@type\":\"WebPage\",\"@id\":\"https:\/\/www.colocolofs.es\/web\/alevin-xxi-b\/#webpage\",\"url\":\"https:\/\/www.colocolofs.es\/web\/alevin-xxi-b\/\",\"name\":\"ALEV\\u00cdN XXI 'B' - Entrerr\\u00edos Automatizaci\\u00f3n\",\"isPartOf\":{\"@id\":\"https:\/\/www.colocolofs.es\/web\/#website\"},\"datePublished\":\"2024-10-12T13:08:39+00:00\",\"dateModified\":\"2025-10-25T11:18:29+00:00\",\"inLanguage\":\"es\",\"potentialAction\":[{\"@type\":\"ReadAction\",\"target\":[\"https:\/\/www.colocolofs.es\/web\/alevin-xxi-b\/\"]}]}]}<\/script>\n<!-- \/ Yoast SEO plugin. -->","_links":{"self":[{"href":"https:\/\/www.colocolofs.es\/web\/wp-json\/wp\/v2\/pages\/22156","targetHints":{"allow":["GET"]}}],"collection":[{"href":"https:\/\/www.colocolofs.es\/web\/wp-json\/wp\/v2\/pages"}],"about":[{"href":"https:\/\/www.colocolofs.es\/web\/wp-json\/wp\/v2\/types\/page"}],"author":[{"embeddable":true,"href":"https:\/\/www.colocolofs.es\/web\/wp-json\/wp\/v2\/users\/1"}],"replies":[{"embeddable":true,"href":"https:\/\/www.colocolofs.es\/web\/wp-json\/wp\/v2\/comments?post=22156"}],"version-history":[{"count":4,"href":"https:\/\/www.colocolofs.es\/web\/wp-json\/wp\/v2\/pages\/22156\/revisions"}],"predecessor-version":[{"id":24087,"href":"https:\/\/www.colocolofs.es\/web\/wp-json\/wp\/v2\/pages\/22156\/revisions\/24087"}],"wp:attachment":[{"href":"https:\/\/www.colocolofs.es\/web\/wp-json\/wp\/v2\/media?parent=22156"}],"curies":[{"name":"wp","href":"https:\/\/api.w.org\/{rel}","templated":true}]}}